s 53057021 a multiple of 83?
False
Does 1150 divide 218929518?
False
Does 7 divide 39341943?
False
Does 8 divide 22835264?
True
Does 372 divide 359977332?
True
Does 1084 divide 324654748?
True
Is 143499184 a multiple of 16?
True
Does 3637 divide 261552425?
False
Is 49 a factor of 3335131345?
True
Is 25 a factor of 51142725?
True
Is 4474560 a multiple of 75?
False
Is 987331764 a multiple of 138?
True
Is 23443140 a multiple of 12?
True
Is 1467 a factor of 161328039?
False
Is 13 a factor of 778962148?
False
Is 831678420 a multiple of 34?
True
Is 1112 a factor of 51592452?
False
Does 586 divide 161142382?
True
Does 13 divide 40767064?
True
Does 79 divide 138165538?
False
Is 36 a factor of 50135615?
False
Does 138 divide 40747840?
False
Is 2 a factor of 4329610?
True
Is 61859765 a multiple of 11?
True
Does 17 divide 22796354?
True
Is 1802 a factor of 943790292?
True
Is 13171504 even?
True
Is 538 a factor of 79469056?
True
Does 4851 divide 596503215?
True
Is 471686496 a multiple of 304?
False
Does 106 divide 1470678889?
False
Does 13 divide 57912669?
False
Is 56 a factor of 5317536?
True
Is 27 a factor of 27823581?
True
Is 54022132 a multiple of 611?
False
Does 158 divide 132171319?
False
Is 6123 a factor of 1994781555?
True
Is 10145988 a multiple of 36?
True
Does 33 divide 4832840341?
False
Is 157194326 a multiple of 58?
True
Is 2375800 a multiple of 25?
True
Is 100242219 a multiple of 77?
True
Does 1901 divide 2463696?
True
Does 83 divide 230190374?
True
Does 8 divide 36319432?
True
Is 58426966 a multiple of 592?
False
Does 20 divide 1247391983?
False
Does 26 divide 2424800?
False
Is 4 a factor of 764088172?
True
Is 60037102 a multiple of 59?
True
Is 447243919 a multiple of 626?
False
Is 82858089 a multiple of 123?
True
Is 24742831 a multiple of 5?
False
Is 1770 a factor of 138265320?
True
Is 100 a factor of 749643400?
True
Is 413920419 a multiple of 913?
True
Does 66 divide 326133118?
False
Is 28 a factor of 324523388?
True
Does 36 divide 5366612?
False
Is 13162936 a multiple of 18?
False
Is 581 a factor of 51074548?
True
Is 1392094801 a multiple of 8033?
True
Is 478759260 a multiple of 3418?
True
Is 469029888 a multiple of 36?
True
Is 217154247 a multiple of 174?
False
Is 2 a factor of 8214827?
False
Does 1270 divide 43316884?
False
Is 136099900 a multiple of 30?
False
Is 299730400 a multiple of 400?
True
Is 4479495592 a multiple of 5188?
True
Is 19460128 a multiple of 16?
True
Is 130 a factor of 13534824?
False
Does 19 divide 339754580?
True
Does 32 divide 90146524?
False
Is 15241733 a multiple of 149?
False
Is 745 a factor of 76965380?
False
Is 39490320 a multiple of 80?
True
Does 204 divide 147445080?
True
Does 2659 divide 19323112?
False
Is 31 a factor of 7527886?
False
Is 27617496 a multiple of 24?
True
Is 51 a factor of 59743287?
True
Is 59538238 a multiple of 86?
False
Is 28 a factor of 110019560?
True
Is 142770918 a multiple of 11?
False
Is 1450 a factor of 290301524?
False
Is 817 a factor of 248462772?
True
Does 880 divide 385552640?
True
Is 76 a factor of 54480561?
False
Does 71 divide 57765955?
True
Is 141887301 a multiple of 989?
False
Is 885008844 a multiple of 254?
False
Does 4303 divide 180829272?
True
Is 4 a factor of 69082?
False
Does 544 divide 24374464?
True
Does 25 divide 105183?
False
Does 3 divide 8397490?
False
Is 3242 a factor of 330673613?
False
Is 18 a factor of 44168274?
True
Does 18 divide 1974067816?
False
Is 44 a factor of 1550101369?
False
Is 503 a factor of 25355727?
True
Does 1543 divide 1379872497?
True
Does 50 divide 88376550?
True
Is 286 a factor of 9670518?
True
Is 5800162869 a multiple of 1935?
False
Does 41 divide 114774744?
True
Does 10 divide 27179177?
False
Does 1902 divide 55088913?
False
Is 13 a factor of 245118832?
False
Does 1324 divide 92576104?
False
Is 35616696 a multiple of 276?
True
Is 2621609736 a multiple of 248?
True
Is 952356366 a multiple of 243?
True
Is 119456344 a multiple of 56?
True
Does 27 divide 5707586?
False
Is 4783889849 a multiple of 30?
False
Is 5550600 a multiple of 24?
True
Does 26 divide 601577340?
True
Does 4 divide 19845864?
True
Is 34646136 a multiple of 28?
True
Is 744423820 a multiple of 3314?
True
Does 297 divide 1392475325?
False
Is 4 a factor of 33590614?
False
Does 463 divide 74914856?
False
Is 1158 a factor of 121958535?
False
Is 27 a factor of 168497228?
False
Is 9375964 a multiple of 11?
False
Does 15 divide 133773030?
True
Is 475401618 a multiple of 1422?
True
Is 4352 a factor of 28196148?
False
Is 81 a factor of 205099128?
True
Does 20 divide 1579022380?
True
Does 808 divide 18002666?
False
Does 1361 divide 29547310?
True
Is 1492193335 a multiple of 61?
False
Is 328574928 a multiple of 2263?
False
Is 87 a factor of 3725623?
False
Does 14 divide 27922095?
False
Is 104089 a multiple of 4?
False
Does 97 divide 9524818?
True
Does 10 divide 107534919?
False
Does 775 divide 263163305?
False
Does 170 divide 27818917?
False
Is 117294136 a multiple of 11?
False
Does 352 divide 17564695?
False
Is 611 a factor of 1280906?
False
Does 283 divide 4263961?
True
Does 3963 divide 68076414?
True
Is 34238585 a multiple of 1038?
False
Does 35 divide 52925390?
True
Is 127 a factor of 283390188?
False
Does 23 divide 32722721?
True
Does 6492 divide 1340403240?
True
Is 94240469 a multiple of 17?
True
Is 2740 a factor of 3962853637?
False
Does 958 divide 317443709?
False
Is 8 a factor of 53598646?
False
Does 160 divide 347713628?
False
Is 95 a factor of 29585660?
True
Is 408160701 a multiple of 27?
True
Is 58 a factor of 623136862?
True
Does 123 divide 11158959?
False
Is 1157 a factor of 194090098?
False
Is 249308904 a multiple of 3628?
True
Does 95 divide 46548480?
True
Is 2583208460 a multiple of 10?
True
Is 406838800 a multiple of 1759?
False
Does 17 divide 181808097?
False
Is 83 a factor of 1094438?
True
Is 105935720 a multiple of 21?
False
Is 2218135950 a multiple of 30?
True
Is 256 a factor of 1386496?
True
Is 2288 a factor of 112565648?
False
Is 681311834 a multiple of 206?
True
Is 7432051 a multiple of 4?
False
Does 80 divide 141779120?
True
Is 23 a factor of 210543564?
True
Is 57669728 a multiple of 51?
False
Does 706 divide 146848409?
False
Is 1896149493 a multiple of 59?
True
Is 24319650 a multiple of 1182?
True
Is 23431647 a multiple of 1223?
False
Does 989 divide 15892072?
False
Is 181605578 a multiple of 7?
True
Does 3 divide 6460359?
True
Is 5414 a factor of 169783040?
True
Is 218 a factor of 65181476?
False
Is 7366644 a multiple of 17?
True
Is 4002894 a multiple of 63?
True
Is 1224534300 a multiple of 1100?
True
Does 24 divide 127995888?
True
Is 157678150 a multiple of 10?
True
Is 132 a factor of 40996428?
True
Does 3248 divide 3461656688?
True
Is 13 a factor of 179120669?
True
Is 4 a factor of 126258597?
False
Is 1426152660 a multiple of 374?
False
Is 747094728 a multiple of 1032?
True
Is 12 a factor of 342605544?
True
Is 17 a factor of 177354435?
False
Is 1557 a factor of 41131269?
True
Does 75 divide 333074775?
True
Is 176 a factor of 23639616?
True
Is 3216441719 a multiple of 81?
False
Does 12 divide 27338220?
True
Is 144442550 a multiple of 5?
True
Is 2868 a factor of 202279332?
False
Is 20 a factor of 7881900?
True
Does 50 divide 135054564?
False
Is 358592800 a multiple of 8?
True
Does 9 divide 88694862?
False
Is 1218 a factor of 175101230?
False
Is 364792336 a multiple of 16?
True
Does 33 divide 3391872?
True
Is 8204100 a multiple of 58?
True
Is 8630 a factor of 451728720?
True
Is 428 a factor of 66830016?
False
Is 692961501 a multiple of 10?
False
Does 3 divide 14633874?
True
Is 195504219 a multiple of 10?
False
Is 4782347 a multiple of 438?
False
Does 70 divide 2949536?
False
Is 227 a factor of 197641060?
False
Is 56109434 a multiple of 158?
True
Is 214161437 a multiple of 3?
False
Is 2626 a factor of 623531425?
False
Does 518 divide 227137409?
False
Is 207 a factor of 1152018342?
True
Does 3308 divide 3044411944?
True
Is 243659713 a multiple of 29?
False
Does 15 divide 17484360?
True
Is 352 a factor of 676214176?
True
Does 227 divide 3369548531?
False
Is 2726 a factor of 475492786?
False
Is 890795 a multiple of 1093?
True
Is 1344 a factor of 7926912?
True
Is 2325 a factor of 6489426?
False
Does 27 divide 18665472?
False
Does 312 divide 2599412367?
False
Is 